{"id":14,"date":"2020-01-20T17:59:38","date_gmt":"2020-01-20T16:59:38","guid":{"rendered":"http:\/\/www.hetzenholz.de\/?page_id=14"},"modified":"2024-01-25T10:19:17","modified_gmt":"2024-01-25T09:19:17","slug":"links","status":"publish","type":"page","link":"http:\/\/www.hetzenholz.de\/index.php\/links\/","title":{"rendered":"Links"},"content":{"rendered":"\n<p>Hier sind -f\u00fcr den Anfang- ein paar Links \u00fcber interessante Dinge, in, von, \u00fcber und aus Hetzenholz und Umgebung:<\/p>\n\n\n\n<p>Die <a rel=\"noreferrer noopener\" aria-label=\"Dorfsch\u00e4nke Hetzenholz (\u00f6ffnet in neuem Tab)\" href=\"https:\/\/www.kneipen.de\/much\/dorfschaenke-hetzenholz\" target=\"_blank\">Dorfsch\u00e4nke Hetzenholz<\/a> hat leider nur noch Dienstag, Mittwoch, Donnerstag und &#8222;auf Zuruf&#8220; auf, z.B. f\u00fcr private Feiern, Karneval oder bei der grandiosen <a rel=\"noreferrer noopener\" aria-label=\"Mucher Musik Nacht (\u00f6ffnet in neuem Tab)\" href=\"https:\/\/www.much.de\/events\/detail.php?menuid=301&amp;topmenu=1&amp;eventid=2086\" target=\"_blank\">Mucher Musik Nacht<\/a> im Herbst, wenn es Live-Musik gibt.<\/p>\n\n\n\n<p>Die <a aria-label=\"Kirche St. Josef Much (\u00f6ffnet in neuem Tab)\" href=\"https:\/\/bilder.erzbistum-koeln.de\/kirchen\/Pfarrverband-Much\/Kirche-St-Martinus-Much\/Hetzenholz-45568498_2272836142962295_69175099751661568_n\" target=\"_blank\" rel=\"noreferrer noopener\">Kirche St. Josef Much<\/a> pr\u00e4gt deutlich das Dorfbild und ihre Glocken l\u00e4uten p\u00fcnktlich um 7:00, 12:00 und 18:00 Uhr. Der Friedhof liegt wenige Meter nordwestlich ausserhalb des Dorfes.<\/p>\n\n\n\n<p>Im <a rel=\"noreferrer noopener\" aria-label=\"Gest\u00fct Kastanienhof (\u00f6ffnet in neuem Tab)\" href=\"http:\/\/www.kastanienhof-much.de\/\" target=\"_blank\">Gest\u00fct Kastanienhof<\/a> (Haus Nr. 7) kannst Du reiten &#8211; egal ob als Anf\u00e4nger oder Fortgeschrittener. Und die Pferde sorgen oft genug f\u00fcr den sch\u00f6nen &#8222;Natursound&#8220; im Dorf!<\/p>\n\n\n\n<p>Auf den &#8222;<a rel=\"noreferrer noopener\" aria-label=\"Wegen der Stille (\u00f6ffnet in neuem Tab)\" href=\"https:\/\/www.wege-der-stille.de\/\" target=\"_blank\">Wegen der Stille<\/a>&#8220; (Haus Nr. 13) kannst Du &#8222;Dir selbst,  anderen Menschen, der Natur\/Sch\u00f6pfung und der G\u00f6ttlichen Wirklichkeit offen und mit Respekt&nbsp;begegnen, um die F\u00fclle des Lebens zu entdecken.&#8220; Hier finden verschiedene Seminare, Kurse, Meditation, etc. statt.  <\/p>\n\n\n\n<p>Tags\u00fcber verdoppelt sich die Einwohnerzahl unseres Dorfes quasi, wenn die Kinder in der <a aria-label=\"Kitas der Stadt Much (\u00f6ffnet in neuem Tab)\" href=\"https:\/\/www.much-heute.de\/kitas.html\" target=\"_blank\" rel=\"noreferrer noopener\">Kita der Stadt Much<\/a> (Haus Nr. 53) die Luft mit Leben f\u00fcllen. In den R\u00e4umlichkeiten w\u00e4hlen wir auch und ausserdem gibt es mit Der <a href=\"https:\/\/himmelsleiterhetzenholz.wordpress.com\/\" target=\"_blank\" rel=\"noreferrer noopener\">Himmelsleiter Hetzenholz e.V.<\/a> einen unterst\u00fctzenswerten F\u00f6rderverein.<\/p>\n\n\n\n<p>Der <a rel=\"noreferrer noopener\" aria-label=\"Bergische M\u00e4nnerchor Mohlscheid (\u00f6ffnet in neuem Tab)\" href=\"http:\/\/www.bmc-mohlscheid.de\/index.html\" target=\"_blank\">Bergische M\u00e4nnerchor Mohlscheid 1933 e.V.<\/a> probt regelm\u00e4\u00dfig in unserer Dorfsch\u00e4nke. Besonders im Sommer ist der tolle Gesang zumindest im Unterdorf, bzw. in den H\u00e4usern in der N\u00e4he gut zu h\u00f6ren. Ich selbst genie\u00dfe die Proben an lauen Sommerabenden oft genug mit einem Glas Wein auf der Terrasse. Durch die Pandemie finden die Proben derzeit leider nicht in Hetzenholz statt. Aber nat\u00fcrlich hoffen wir alle, dass das bald wieder so ist!<\/p>\n\n\n\n<p>Der Kirchenchor <a rel=\"noreferrer noopener\" aria-label=\"C\u00e4cilia Hetzenholz (\u00f6ffnet in neuem Tab)\" href=\"https:\/\/www.unserort.de\/much\/sef\/ae6ba2e0-1dd5-11b2-91f5-819760868377-item.phtml\" target=\"_blank\">C\u00e4cilia Hetzenholz<\/a> l\u00e4sst seine Sangest\u00e4tigkeiten mangels Mitgliedern leider seit Januar 2019 ruhen.<\/p>\n\n\n\n<p>Der <a href=\"https:\/\/www.buergerbus-much.de\/\" target=\"_blank\" rel=\"noreferrer noopener\">B\u00fcrgerbus Much e.V<\/a>. verkehrt seit April 2021 wochentags wieder 4x t\u00e4glich zwischen den Mucher Stadteilen\/D\u00f6rfern.<\/p>\n\n\n\n<p>In unserem Nachbarort Markelsbach gibt es einen seinen <a href=\"https:\/\/www.ernteverein-markelsbach.de\/\" target=\"_blank\" rel=\"noreferrer noopener\">sehr <\/a><a href=\"https:\/\/ernteverein-markelsbach.de\/\" target=\"_blank\" rel=\"noreferrer noopener\">aktiven Ernteverein<\/a>, der uns immer im August mit seinem tollen Erntefest erfreut!<\/p>\n\n\n\n<p>Hetzenholz in der <a href=\"https:\/\/de.wikipedia.org\/wiki\/Hetzenholz\" target=\"_blank\" rel=\"noreferrer noopener\" aria-label=\"Wikipedia (\u00f6ffnet in neuem Tab)\">Wikipedia<\/a>.<\/p>\n","protected":false},"excerpt":{"rendered":"<p>Hier sind -f\u00fcr den Anfang- ein paar Links \u00fcber interessante Dinge, in, von, \u00fcber und aus Hetzenholz und Umgebung: Die Dorfsch\u00e4nke Hetzenholz hat leider nur noch Dienstag, Mittwoch, Donnerstag und &#8222;auf Zuruf&#8220; auf, z.B. f\u00fcr private Feiern, Karneval oder bei der grandiosen Mucher Musik Nacht im Herbst, wenn es Live-Musik gibt. Die Kirche St. Josef [&hellip;]<\/p>\n","protected":false},"author":1,"featured_media":0,"parent":0,"menu_order":0,"comment_status":"closed","ping_status":"closed","template":"","meta":{"footnotes":""},"class_list":["post-14","page","type-page","status-publish","hentry"],"_links":{"self":[{"href":"http:\/\/www.hetzenholz.de\/index.php\/wp-json\/wp\/v2\/pages\/14","targetHints":{"allow":["GET"]}}],"collection":[{"href":"http:\/\/www.hetzenholz.de\/index.php\/wp-json\/wp\/v2\/pages"}],"about":[{"href":"http:\/\/www.hetzenholz.de\/index.php\/wp-json\/wp\/v2\/types\/page"}],"author":[{"embeddable":true,"href":"http:\/\/www.hetzenholz.de\/index.php\/wp-json\/wp\/v2\/users\/1"}],"replies":[{"embeddable":true,"href":"http:\/\/www.hetzenholz.de\/index.php\/wp-json\/wp\/v2\/comments?post=14"}],"version-history":[{"count":7,"href":"http:\/\/www.hetzenholz.de\/index.php\/wp-json\/wp\/v2\/pages\/14\/revisions"}],"predecessor-version":[{"id":178,"href":"http:\/\/www.hetzenholz.de\/index.php\/wp-json\/wp\/v2\/pages\/14\/revisions\/178"}],"wp:attachment":[{"href":"http:\/\/www.hetzenholz.de\/index.php\/wp-json\/wp\/v2\/media?parent=14"}],"curies":[{"name":"wp","href":"https:\/\/api.w.org\/{rel}","templated":true}]}}

<p>Hier sind -für den Anfang- ein paar Links über interessante Dinge, in, von, über und aus Hetzenholz und Umgebung:</p>



<p>Die <a rel="noreferrer noopener" aria-label="Dorfschänke Hetzenholz (öffnet in neuem Tab)" href="https://www.kneipen.de/much/dorfschaenke-hetzenholz" target="_blank">Dorfschänke Hetzenholz</a> hat leider nur noch Dienstag, Mittwoch, Donnerstag und &#8222;auf Zuruf&#8220; auf, z.B. für private Feiern, Karneval oder bei der grandiosen <a rel="noreferrer noopener" aria-label="Mucher Musik Nacht (öffnet in neuem Tab)" href="https://www.much.de/events/detail.php?menuid=301&amp;topmenu=1&amp;eventid=2086" target="_blank">Mucher Musik Nacht</a> im Herbst, wenn es Live-Musik gibt.</p>



<p>Die <a aria-label="Kirche St. Josef Much (öffnet in neuem Tab)" href="https://bilder.erzbistum-koeln.de/kirchen/Pfarrverband-Much/Kirche-St-Martinus-Much/Hetzenholz-45568498_2272836142962295_69175099751661568_n" target="_blank" rel="noreferrer noopener">Kirche St. Josef Much</a> prägt deutlich das Dorfbild und ihre Glocken läuten pünktlich um 7:00, 12:00 und 18:00 Uhr. Der Friedhof liegt wenige Meter nordwestlich ausserhalb des Dorfes.</p>



<p>Im <a rel="noreferrer noopener" aria-label="Gestüt Kastanienhof (öffnet in neuem Tab)" href="http://www.kastanienhof-much.de/" target="_blank">Gestüt Kastanienhof</a> (Haus Nr. 7) kannst Du reiten &#8211; egal ob als Anfänger oder Fortgeschrittener. Und die Pferde sorgen oft genug für den schönen &#8222;Natursound&#8220; im Dorf!</p>



<p>Auf den &#8222;<a rel="noreferrer noopener" aria-label="Wegen der Stille (öffnet in neuem Tab)" href="https://www.wege-der-stille.de/" target="_blank">Wegen der Stille</a>&#8220; (Haus Nr. 13) kannst Du &#8222;Dir selbst,  anderen Menschen, der Natur/Schöpfung und der Göttlichen Wirklichkeit offen und mit Respekt&nbsp;begegnen, um die Fülle des Lebens zu entdecken.&#8220; Hier finden verschiedene Seminare, Kurse, Meditation, etc. statt.  </p>



<p>Tagsüber verdoppelt sich die Einwohnerzahl unseres Dorfes quasi, wenn die Kinder in der <a aria-label="Kitas der Stadt Much (öffnet in neuem Tab)" href="https://www.much-heute.de/kitas.html" target="_blank" rel="noreferrer noopener">Kita der Stadt Much</a> (Haus Nr. 53) die Luft mit Leben füllen. In den Räumlichkeiten wählen wir auch und ausserdem gibt es mit Der <a href="https://himmelsleiterhetzenholz.wordpress.com/" target="_blank" rel="noreferrer noopener">Himmelsleiter Hetzenholz e.V.</a> einen unterstützenswerten Förderverein.</p>



<p>Der <a rel="noreferrer noopener" aria-label="Bergische Männerchor Mohlscheid (öffnet in neuem Tab)" href="http://www.bmc-mohlscheid.de/index.html" target="_blank">Bergische Männerchor Mohlscheid 1933 e.V.</a> probt regelmäßig in unserer Dorfschänke. Besonders im Sommer ist der tolle Gesang zumindest im Unterdorf, bzw. in den Häusern in der Nähe gut zu hören. Ich selbst genieße die Proben an lauen Sommerabenden oft genug mit einem Glas Wein auf der Terrasse. Durch die Pandemie finden die Proben derzeit leider nicht in Hetzenholz statt. Aber natürlich hoffen wir alle, dass das bald wieder so ist!</p>



<p>Der Kirchenchor <a rel="noreferrer noopener" aria-label="Cäcilia Hetzenholz (öffnet in neuem Tab)" href="https://www.unserort.de/much/sef/ae6ba2e0-1dd5-11b2-91f5-819760868377-item.phtml" target="_blank">Cäcilia Hetzenholz</a> lässt seine Sangestätigkeiten mangels Mitgliedern leider seit Januar 2019 ruhen.</p>



<p>Der <a href="https://www.buergerbus-much.de/" target="_blank" rel="noreferrer noopener">Bürgerbus Much e.V</a>. verkehrt seit April 2021 wochentags wieder 4x täglich zwischen den Mucher Stadteilen/Dörfern.</p>



<p>In unserem Nachbarort Markelsbach gibt es einen seinen <a href="https://www.ernteverein-markelsbach.de/" target="_blank" rel="noreferrer noopener">sehr </a><a href="https://ernteverein-markelsbach.de/" target="_blank" rel="noreferrer noopener">aktiven Ernteverein</a>, der uns immer im August mit seinem tollen Erntefest erfreut!</p>



<p>Hetzenholz in der <a href="https://de.wikipedia.org/wiki/Hetzenholz" target="_blank" rel="noreferrer noopener" aria-label="Wikipedia (öffnet in neuem Tab)">Wikipedia</a>.</p>

<p>Hier sind -für den Anfang- ein paar Links über interessante Dinge, in, von, über und aus Hetzenholz und Umgebung: Die Dorfschänke Hetzenholz hat leider nur noch Dienstag, Mittwoch, Donnerstag und &#8222;auf Zuruf&#8220; auf, z.B. für private Feiern, Karneval oder bei der grandiosen Mucher Musik Nacht im Herbst, wenn es Live-Musik gibt. Die Kirche St. Josef [&hellip;]</p>
